ase 9) to base 13.
1a59
1e55 (base 16) to base 15
247a
2138 (base 10) to base 8
4132
-3645 (base 8) to base 2
-11110100101
What is -6aa (base 13) in base 16?
-482
Convert -125432 (base 7) to base 8.
-55767
-11321 (base 7) to base 5
-43111
604 (base 9) to base 8
752
What is -43555 (base 8) in base 13?
-8427
What is 238 (base 13) in base 12?
281
-467 (base 13) to base 12
-535
-274 (base 15) to base 12
-3a7
What is 144 (base 9) in base 15?
81
1c1 (base 14) to base 9
445
What is 112110002 (base 3) in base 5?
314112
What is 51503 (base 8) in base 14?
7aa7
What is 1785 (base 13) in base 16?
da1
What is 50b (base 12) in base 5?
10411
What is -51303 (base 10) in base 2?
-1100100001100111
Convert -17185 (base 11) to base 3.
-1020011021
What is 17658 (base 10) in base 4?
10103322
What is 3510 (base 6) in base 16?
342
1356 (base 7) to base 15
256
What is 1010111110000110 (base 2) in base 3?
2021122020
10110011 (base 2) to base 13
10a
What is -17a9 (base 11) in base 16?
-8f9
Convert -11371 (base 11) to base 6.
-203553
201 (base 11) to base 4
3303
Convert -b8 (base 16) to base 9.
-224
Convert -7a83 (base 15) to base 13.
-baab
Convert -514 (base 13) to base 9.
-1157
-2082 (base 9) to base 3
-2002202
Convert -6a8 (base 11) to base 4.
-31030
Convert c534 (base 15) to base 5.
2313144
What is 1c079 (base 13) in base 9?
83428
Convert 36740 (base 8) to base 12.
9200
-798 (base 10) to base 13
-495
-19cd (base 15) to base 12
-32a1
166 (base 8) to base 13
91
What is 26307 (base 10) in base 2?
110011011000011
What is 1241324 (base 5) in base 3?
1020201201
-295 (base 10) to base 11
-249
Convert -122312 (base 4) to base 8.
-3266
Convert -1140153 (base 6) to base 4.
-32210211
What is -1426a (base 13) in base 2?
-1001001110001111
2c40 (base 15) to base 4
2110212
Convert -21 (base 11) to base 13.
-1a
213532 (base 6) to base 2
100010100100000
What is -8de0 (base 15) in base 11?
-20706
Convert -220132 (base 4) to base 12.
-15ba
Convert 156451 (base 7) to base 4.
13211332
5881 (base 9) to base 15
1461
What is b0 (base 14) in base 9?
181
Convert 4421 (base 6) to base 12.
711
6423 (base 8) to base 16
d13
Convert 2000 (base 8) to base 9.
1357
What is 894 (base 16) in base 7?
6255
-1353 (base 8) to base 2
-1011101011
2055 (base 10) to base 9
2733
What is -77072 (base 8) in base 14?
-bac2
-153 (base 6) to base 5
-234
What is 10601 (base 7) in base 6?
20252
What is 10110011100 (base 2) in base 9?
1865
4b3b (base 12) to base 6
103315
-a2 (base 14) to base 7
-262
Convert 3c (base 16) to base 14.
44
What is -166 (base 15) in base 11?
-272
-b243 (base 12) to base 9
-28476
Convert 203530 (base 6) to base 14.
5d94
What is 4bd (base 16) in base 5?
14323
Convert 1366 (base 8) to base 5.
11013
Convert 1d1 (base 16) to base 12.
329
Convert -1110010001110 (base 2) to base 4.
-1302032
Convert -1123010 (base 4) to base 6.
-42552
Convert -9a (base 13) to base 16.
-7f
Convert 1d2 (base 14) to base 7.
1052
Convert 4040 (base 10) to base 4.
333020
100101010011001 (base 2) to base 6
224225
What is a139 (base 15) in base 9?
51610
What is 12452 (base 9) in base 8?
20306
Convert 255d (base 14) to base 12.
395b
What is 200302 (base 4) in base 10?
2098
What is -b119 (base 15) in base 2?
-1001000111111110
What is 124314 (base 5) in base 10?
4959
-2424 (base 5) to base 9
-444
8c1c (base 16) to base 9
54173
-3034 (base 11) to base 2
-111110111110
2420344 (base 5) to base 3
2021212100
29a (base 12) to base 16
196
Convert -22130 (base 4) to base 8.
-1234
Convert -13243 (base 7) to base 14.
-1423
-6588 (base 11) to base 6
-104115
2a50 (base 16) to base 10
10832
654 (base 7) to base 8
515
What is -13a (base 16) in base 14?
-186
What is 15257 (base 10) in base 13?
6c38
What is -100000110000010 (base 2) in base 11?
-11666
What is -6832 (base 13) in base 15?
-44ba
What is -113603 (base 7) in base 14?
-76aa
What is -201022 (base 3) in base 6?
-2225
What is -137 (base 14) in base 12?
-185
-34a3 (base 15) to base 11
-8442
Convert 421211 (base 5) to base 8.
33153
Convert -266 (base 15) to base 13.
-330
What is 800 (base 10) in base 14?
412
Convert 9c02 (base 14) to base 13.
c40a
Convert 3430 (base 5) to base 3.
200011
What is 12205 (base 6) in base 11?
13a1
-110102010 (base 3) to base 15
-2a33
16216 (base 10) to base 7
65164
What is 11191 (base 10) in base 4?
2232313
What is -33220121 (base 4) in base 2?
-1111101000011001
What is 503404 (base 6) in base 3?
2000102111
Convert 33253 (base 6) to base 16.
1221
Convert -5233 (base 7) to base 3.
-2112001
What is -73c2 (base 14) in base 2?
-100110111111110
Convert 43145 (base 6) to base 14.
2213
Convert 113 (base 5) to base 9.
36
-202203 (base 4) to base 14
-b3d
100001100111100 (base 2) to base 4
10030330
9590 (base 10) to base 13
4499
Convert 2551 (base 15) to base 10.
7951
What is -25ad (base 14) in base 3?
-100002020
Convert 3292 (base 10) to base 9.
4457
-905 (base 10) to base 5
-12110
1730 (base 8) to base 10
984
-10011000111 (base 2) to base 9
-1608
-3697 (base 12) to base 2
-1100000010011
Convert -2140 (base 5) to base 7.
-601
378 (base 12) to base 14
296
Convert -933 (base 14) to base 4.
-130101
Convert 5818 (base 10) to base 14.
2198
Convert 3252 (base 9) to base 13.
1124
What is 1533 (base 7) in base 13?
381
Convert -40154 (base 6) to base 11.
-3a47
What is -1484 (base 10) in base 8?
-2714
What is 1110111111101 (base 2) in base 12?
4539
-10ce (base 15) to base 9
-4805
Convert 3328 (base 9) to base 5.
34311
-23534 (base 6) to base 10
-3442
What is 10000011000 (base 2) in base 4?
100120
Convert 576 (base 10) to base 2.
1001000000
-214 (base 11) to base 7
-515
4750 (base 8) to base 2
100111101000
What is 63d4 (base 14) in base 2?
100001101010110
What is -1ce (base 15) in base 16?
-1a3
What is -4a (base 13) in base 2?
-111110
What is 470 (base 15) in base 8?
1755
-1c6 (base 15) to base 6
-1523
-634 (base 9) to base 13
-30a
What is -5050 (base 6) in base 8?
-2126
Convert 11130 (base 6) to base 5.
22231
What is 2343 (base 5) in base 15?
183
Convert -a934 (base 14) to base 9.
-44110
-5516 (base 8) to base 13
-1418
Convert f6 (base 16) to base 10.
246
1c (base 14) to base 13
20
Convert 7043 (base 9) to base 8.
12026
-3237 (base 14) to base 8
-20741
Convert 5433 (base 12) to base 3.
110200210
-2220033 (base 4) to base 10
-10767
Convert 21833 (base 10) to base 5.
1144313
Convert 51533 (base 9) to base 7.
201015
2514 (base 7) to base 9
1256
-bef8 (base 16) to base 12
-24360
-3133 (base 7) to base 5
-13402
What is 1a7 (base 14) in base 7?
1000
Convert 6140 (base 7) to base 8.
4127
Convert 2a305 (base 12) to base 8.
163465
Convert -16d9 (base 15) to base 13.
-2322
What is -94b (base 16) in base 14?
-c1d
-1798 (base 15) to base 2
-1001111100101
What is 6085 (base 11) in base 8?
17617
Convert -460 (base 10) to base 9.
-561
Convert -3162 (base 8) to base 2.
-11001110010
-11221121 (base 3) to base 5
-103412
13083 (base 12) to base 7
135600
2c8 (base 14) to base 12
3b4
4f1 (base 16) to base 9
1655
Convert 3043 (base 6) to base 12.
483
-558 (base 13) to base 7
-2451
56 (base 8) to base 14
34
What is 10531 (base 11) in base 2?
11101110110000
Convert -7f (base 16) to base 5.
-1002
Convert 3724 (base 10) to base 8.
7214
Convert 1312310 (base 5) to base 7.
135446
What is -1b6a (base 13) in base 4?
-1000300
14443 (base 9) to base 3
111111110
Convert -2005 (base 6) to base 9.
-535
What is -198a6 (base 13) in base 3?
-2112100021
529 (base 11) to base 15
2c6
Convert 43201 (base 5) to base 8.
5556
Convert -2120022 (base 3) to base 5.
-24441
16612 (base 10) to base 2
100000011100100
What is 35153 (base 6) in base 13?
23a6
What is -12022120 (base 3) in base 12?
-22b0
What is 21221010 (base 3) in base 16?
1695
9425 (base 15) to base 6
400542
What is -2011021 (base 3) in base 12?
-ab1
What is -26074 (base 9) in base 4?
-10102123
What is -4203 (base 11) in base 2?
-1010111000001
210222 (base 3) to base 2
1001010001
What is -cb8 (base 13) in base 11?
-1701
What is 640 (base 13) in base 4?
100222
Convert 43042 (base 5) to base 15.
cd2
What is 2279 (base 15) in base 4?
1302102
Convert -111110000001 (base 2) to base 7.
-14400
Convert 569 (base 13) to base 16.
3a4
Convert 4697 (base 16) to base 4.
10122113
What is -20021010 (base 4) in base 3?
-1200202010
Convert -352143 (base 7) to base 15.
-13a